86765/75 + -1 + 119/105. What is the greatest common factor of h and 91?
13
Let x = -1633 - -1655. What is the greatest common divisor of 539 and x?
11
Let q = 142 - 86. Let y be ((-18)/(-4)*-14)/((-6)/16). Suppose y = 2*r + v, -2*r + 4*v + 118 + 50 = 0. What is the greatest common divisor of q and r?
28
Suppose 0 = -3*d + 337 - 322. Suppose -5 = -n + 2*y, 8 = -4*n - d*y + 54. What is the highest common factor of n and 9?
9
Let l = -176 - 257. Let v = -426 - l. What is the highest common factor of v and 1?
1
Let o = 3926 - 3924. Suppose 0 = -2*k + 4*f + 80, 4*k - 165 = -4*f - 5. Let q = k - 26. Calculate the greatest common divisor of q and o.
2
Let i = 1494 - 347. Calculate the highest common factor of i and 37.
37
Suppose -148 = -z - 3*z. Suppose -z = -y + 2*p + 12, 2*y + 5*p = 62. Suppose -1879*i + 7544 = -1856*i. Calculate the greatest common divisor of y and i.
41
Suppose 0 = -b + 5*n + 2767 + 2055, -4*n = -3*b + 14499. Calculate the highest common divisor of 28 and b.
7
Suppose 20 - 420 = -2*m. Suppose 58*h = 72*h - 1120. What is the greatest common divisor of m and h?
40
Suppose -17*q + 28 = -3*q. Suppose -2*x - 46 = -q*w, 15 = 2*w + 3*x - 6. What is the highest common factor of 9 and w?
9
Let k be 2/7 - (-850)/14. Let w = k + -36. Suppose 4*c - c = -a + 15, a = -5*c + w. Calculate the greatest common divisor of 20 and c.
5
Let t = 30 + -26. Suppose 0*l - 2*p + 74 = l, p - t = 0. Suppose -22 + l = 4*u. What is the greatest common divisor of 11 and u?
11
Suppose 2*y - 8 = 226. Let c(q) = q**2 - 25*q - 225. Let s be c(-8). Suppose 0 = -12*u + s + y. Calculate the highest common factor of 130 and u.
13
Suppose 5*f = 4*p + 19642, 3*f - 61*p + 57*p - 11782 = 0. Calculate the greatest common factor of 60 and f.
30
Let a = -29795 + 29949. What is the greatest common divisor of a and 5656?
14
Let h = -38983 - -40126. What is the greatest common divisor of h and 2159?
127
Let w be 4264/20 + 2 - 460/(-575). What is the greatest common divisor of 228 and w?
12
Let j = -2251 - -2280. Calculate the highest common factor of 667 and j.
29
Suppose 5*p - 264 = -239. Suppose 0*r = 5*o - 4*r - 58, 0 = p*o + r - 73. Let s be (-8 + 4)/(-1) - -94. Calculate the greatest common divisor of o and s.
14
Let l(f) = -166*f + 172. Let m be l(1). Suppose 2*y - 9 - 21 = 0. What is the greatest common factor of m and y?
3
Let s be (3/4)/(40/(-15040)). Let r = s - -330. What is the greatest common divisor of r and 6?
6
Let j be (0 + 0 - 77) + 6. Let h be 11/(-2)*(2 - 18). Let n = j + h. Calculate the greatest common divisor of 17 and n.
17
Suppose -2*g - 57*g = 58*g - 1872. Calculate the highest common divisor of g and 256.
16
Let i = -7658 - -7674. Let o(w) = -6*w - 8. Let t be o(-6). What is the highest common divisor of t and i?
4
Let c(l) = 107*l - 2849. Let a be c(95). Calculate the highest common divisor of a and 118.
118
Suppose 11*d - 7*z = 9*d + 739, -4*z + 20 = 0. What is the highest common divisor of 423 and d?
9
Suppose -63*s = -17639 + 1801 - 37964. Calculate the greatest common divisor of 1098 and s.
122
Let f(b) = -b**3 - 23*b**2 - 7*b - 15. Suppose -5*n + 43 = 158. Let o be f(n). Calculate the greatest common divisor of o and 365.
73
Suppose -5868 = -10*x - 1908. Let k = -124 + x. Calculate the greatest common divisor of k and 16.
16
Suppose -763*y = -583*y - 3600. Calculate the greatest common divisor of y and 6744.
4
Suppose -19*z - 240 = -15*z. Let i be (-220)/z*(0 + 3). Let j be 1*(0 - -4) + -7 + 58. Calculate the highest common divisor of j and i.
11
Suppose 25*j + 14565 = 114465. What is the highest common factor of 432 and j?
108
Let u be 113 + (-27)/(-3) + -11. What is the highest common divisor of u and 15?
3
Let r be 645/1075 - 17547/(-5). What is the greatest common divisor of 18 and r?
18
Let n(p) = 59*p**3 - 25*p**2 + 131*p + 37. Let u be n(6). What is the greatest common divisor of u and 53?
53
Let o be (-4)/(-14) - 10341/(-189). Suppose 0 = -o*y + 49*y + 1974. Calculate the greatest common factor of y and 94.
47
Let o be 70/15 + 2/6. Suppose 0 = 4*u + o*c - 305, -9*u + 12*u - 3*c = 195. Calculate the greatest common factor of u and 280.
70
Suppose 240*a - 1321 = 3267 + 2612. Suppose 3*o - 720 = 2*o. Calculate the greatest common factor of o and a.
30
Let v(n) = -9*n**2 + 32*n - 3. Let b be v(3). Let a be 1 + 0 + b + -2. What is the highest common divisor of 297 and a?
11
Let y = 10075 + -8353. What is the greatest common factor of 42 and y?
42
Suppose -121*f + 106*f = -7140. Let b = f + -387. Calculate the highest common divisor of b and 1424.
89
Let p(o) = 13*o + 63. Let n be p(0). What is the highest common divisor of n and 861?
21
Let t be 6 + (288/168)/(2/21). Calculate the greatest common divisor of 660 and t.
12
Suppose 880*l - 201285 = 62715. What is the greatest common divisor of 84 and l?
12
Let a = -22500 + 36690. Calculate the highest common factor of a and 220.
110
Suppose 15*r = -654 + 3669. Let u = r - 190. What is the highest common divisor of 11 and u?
11
Let a = -257 + 267. Suppose -4*p = 3*s - 4, -2*s - 3*s - 4 = 4*p. Suppose h + 125 = y + p*h, 0 = y + h - 115. What is the greatest common divisor of y and a?
10
Let s = -64 - -122. Let t = s - 31. Suppose 135 = -263*h + 268*h. Calculate the greatest common divisor of t and h.
27
Let s be (852/4)/((-135)/(-20) + -6). Let r = s + -260. Suppose -y = 3*y - 240. What is the highest common divisor of r and y?
12
Let j(k) = 125*k**2 - 90*k - 184. Let b be j(-2). What is the greatest common factor of b and 256?
16
Suppose 423 = 3*r - 60. Let h be 805/552*16 - (-2)/(-6). Calculate the highest common factor of h and r.
23
Let o be 2 + (19982/11 - -2) + (-36)/66. Calculate the greatest common divisor of 196 and o.
28
Suppose -71*j = -67*j - 8. Suppose 5*w + 2*c - 94 = 0, j*w + 0*c = c + 34. Calculate the greatest common factor of 27 and w.
9
Let p(y) = 17*y**2 + 6*y + 41. Let r be p(-9). Let q(m) = -m**3 + 10*m**2 - 6*m + 17. Let z be q(9). Calculate the greatest common divisor of r and z.
44
Suppose 7*z = -529 - 3489. Let t = 20 + 1. Let n be (-6)/4*z/t + -2. Calculate the greatest common divisor of n and 13.
13
Let z = 2 + -2. Suppose 2*w - 2 = -5*b - z, 3*b = -w. Let p(t) = 3*t**3 - 7*t**2 + 8*t + 6. Let k be p(3). What is the greatest common factor of w and k?
6
Let g be (-16)/(-20) + (-17210)/(-50). Suppose -4*o + 1151 = -g. Calculate the greatest common factor of 34 and o.
34
Let h = -10009 + 18611. What is the greatest common divisor of 23 and h?
23
Let w = 23 + -71. Let t = w - -51. What is the highest common factor of 12 and t?
3
Suppose -1203 = 6*c - 5883. Suppose 5*d + 5*g - c = 0, -d = 2*d - g - 484. Let l be 12/(-5)*d/(-24). Calculate the highest common divisor of 128 and l.
16
Suppose -17*h = -17*h + 47*h - 676095. What is the greatest common divisor of 105 and h?
105
Let u(v) = v + 31. Let r be u(14). Suppose -43*g + 666 = -6*g. What is the highest common factor of r and g?
9
Suppose 5*t = -203*t + 47951 + 67489. What is the greatest common factor of t and 105?
15
Let v = -4849 + 5314. Calculate the highest common divisor of 45 and v.
15
Let t be 1 + -10 + (-3783570)/(-258). What is the highest common factor of 64 and t?
64
Suppose 9*d + 1 - 244 = 0. What is the greatest common factor of d and 117?
9
Let x be 2 + -2 + 3 + (-1 - -3). Let v be 22/x - 4/10. Let d be (4 - v) + -5 - -261. Calculate the highest common divisor of d and 16.
16
Let b = 10394 + -10006. Calculate the greatest common factor of b and 194.
194
Suppose 4*m - 796 = -4*y, 4*y + 623 = 3*m + 33. Let g(s) = -7*s - 188. Let a be g(-32). What is the greatest common factor of a and m?
18
Suppose -233*t + 1350 = -223*t. What is the greatest common factor of 555 and t?
15
Suppose 0 = -74*l - 65*l + 866639 + 159598. Calculate the greatest common divisor of 138 and l.
69
Let z = 78 - 74. Suppose -z*a - 240 = -9*a. What is the greatest common factor of a and 528?
48
Let r(b) = -b**3 - 10*b**2 + 21*b + 70. Let a be r(-14). Calculate the highest common factor of a and 110.
10
Suppose -1034 = -2*v - 2*u, v + 77*u - 65*u - 517 = 0. Calculate the greatest common factor of v and 22.
11
Let q(z) = -z**2 + 80*z - 1493. Let k be q(49). What is the greatest common factor of k and 3887?
13
Let x(t) = 2*t**2 + t. Let r